a(w) = 11*w**2 - 1387*w + 13051. Give a(10).
281
Let u(c) = -c**3 + 45*c**2 - 286*c - 1432. Give u(12).
-112
Let g(m) = -33*m**3 - 433*m**2 + 106*m + 2065. What is g(-13)?
11
Let w(z) = 10*z**2 - 11402*z - 220243. Give w(-19).
5
Let g(l) = -3*l**3 + 74*l**2 - 273*l + 5402. What is g(24)?
2
Let u(k) = 144*k**2 - 3112*k + 1846. Calculate u(21).
-2
Let i(w) = 2*w**3 + 241*w**2 + 363*w + 629. What is i(-119)?
-85
Let z(s) = -s**3 - 139*s**2 - 3708*s - 7086. Calculate z(-104).
-14
Let k(f) = 2*f**3 - 13*f**2 - 7*f + 540. Give k(-5).
0
Let f(k) = -564779*k - 564775. Determine f(-1).
4
Let m(l) = l**2 - 9442*l + 4. Calculate m(0).
4
Let b(i) = 205801*i**2 - 2675412*i - 19. Give b(13).
-6
Let b(g) = -g**2 - 80132*g + 560977. Give b(7).
4
Let v(w) = -29392*w + 852576. What is v(29)?
208
Let k(j) = 80*j**3 - 9037*j**2 - 351*j + 1351. What is k(113)?
-5
Let g(q) = -467*q + 1298. Give g(7).
-1971
Let k(x) = -x**3 - 26*x**2 + 4974*x + 449. Calculate k(59).
-1970
Let z(f) = 2211*f - 1763. Determine z(1).
448
Let j(q) = -5*q**2 - 569*q + 161. Calculate j(-114).
47
Let r(x) = -5*x**3 - 77*x**2 - 63*x - 316. What is r(-15)?
179
Let v(a) = a**3 - 39*a**2 - 178*a - 1708. What is v(44)?
140
Let l(r) = 208*r**2 + 3928*r - 424. Give l(-19).
32
Let b(s) = -40*s + 2209. Give b(47).
329
Let n(l) = 11*l**2 - 463*l - 15507. What is n(-22)?
3
Let x(a) = 759*a - 82015. Calculate x(108).
-43
Let r(x) = x**3 + 67*x**2 - 1524*x + 530. Give r(-85).
20
Let g(w) = -17*w**2 - 84*w + 54. Calculate g(6).
-1062
Let b(f) = -8*f**3 + 29*f**2 - 10*f - 35. Calculate b(5).
-360
Let y(a) = 51076*a + 6690935. What is y(-131)?
-21
Let d(s) = -51*s**2 + 31419*s - 1500. Calculate d(616).
348
Let p(v) = 2103*v + 3733. Determine p(-2).
-473
Let i(s) = -2201*s + 81106. What is i(37)?
-331
Let y(x) = -2*x**2 - 255*x - 3901. Give y(-18).
41
Let q(b) = -37159*b - 1895115. Calculate q(-51).
-6
Let h(z) = 2*z**3 + 140*z**2 + 2450*z - 158. Determine h(-33).
-422
Let s(p) = p**2 + 51*p + 507. Give s(-40).
67
Let n(u) = -u**3 - 86*u**2 + 661*u - 62. Calculate n(-93).
-992
Let p(s) = 8*s**3 + 178*s**2 - 4368*s - 126. What is p(-37)?
-52
Let h(v) = 80*v**3 - 719*v**2 + 91*v - 897. Calculate h(9).
3
Let a(i) = 490*i**2 + 1597*i - 12. What is a(-4)?
1440
Let k(w) = -w**3 - 467*w**2 - 1857*w - 4. Calculate k(-4).
16
Let y(n) = -20*n**3 + 12*n**2 - 20*n - 15. Determine y(2).
-167
Let d(j) = 4*j**3 + 256*j**2 + 103*j + 6673. Determine d(-64).
81
Let h(l) = -83*l**2 + 1088*l + 505. Determine h(14).
-531
Let y(t) = -8*t**3 - 55*t**2 + 162*t + 1087. Determine y(-7).
2
Let x(k) = -8424*k - 7236225. What is x(-859)?
-9
Let r(z) = 5*z**3 - 137*z**2 - 300*z + 74. Determine r(29).
-1898
Let j(c) = 67*c**2 + 1393*c - 2866. What is j(2)?
188
Let o(m) = -1086*m - 845. What is o(-1)?
241
Let z(m) = 154*m + 3154. Give z(-15).
844
Let l(v) = -v**3 + 75*v**2 + 227*v - 20. Calculate l(-3).
1
Let l(c) = 5*c**3 + 976*c**2 + 3929*c + 48. Give l(-4).
-372
Let d(v) = 6*v**2 + 345*v + 139. Calculate d(-58).
313
Let u(a) = -35355*a - 177093. What is u(-5)?
-318
Let c(y) = -20*y**2 + 902*y - 4603. Determine c(5).
-593
Let z(d) = 760*d**3 + 4*d**2 + 23*d - 28. Calculate z(1).
759
Let q(c) = -161*c**2 + 1702*c - 168. Determine q(12).
-2928
Let h(u) = u**3 + 696*u**2 + 2148*u + 47871. Calculate h(-693).
54
Let i(d) = 93*d**2 - 22137*d + 572. Calculate i(238).
-142
Let n(w) = -w**3 - 235*w**2 + 19178*w + 12576. Calculate n(-299).
18
Let n(q) = 21*q**3 + 76*q**2 - 5439*q - 39. Determine n(-18).
15
Let g(o) = -6*o**3 - 398*o**2 - 4571*o + 751. Calculate g(-15).
16
Let i(f) = 343*f**2 + 476*f - 1647. Determine i(-3).
12
Let n(p) = -2*p**3 + 10*p**2 + 100*p + 20. What is n(-5)?
20
Let i(h) = -527*h**3 + 13*h**2 - 101*h + 88. Give i(1).
-527
Let v(j) = j**3 + 301*j**2 + 22608*j - 3211. Calculate v(-146).
1
Let y(t) = -29361*t - 469779. Determine y(-16).
-3
Let t(x) = 128*x - 3725. Determine t(26).
-397
Let n(h) = -13*h**2 + 20074*h - 839138. Give n(43).
7
Let u(o) = o**3 + 52*o**2 + 679*o - 96. Give u(-23).
-372
Let m(l) = -22878*l - 251082. What is m(-11)?
576
Let j(v) = -701*v**2 + 4171*v + 209. What is j(6)?
-1
Let s(q) = 157989*q + 2369822. What is s(-15)?
-13
Let z(y) = 2*y**3 + 31*y**2 - 121*y + 182. What is z(-20)?
-998
Let j(i) = -i**3 + 4*i**2 - 13*i + 135. Give j(-12).
2595
Let x(w) = -696*w - 963. Give x(-1).
-267
Let f(x) = 27*x**2 - 124*x + 79. What is f(6)?
307
Let t(m) = -6*m**3 + 210*m**2 - 197*m - 603. Give t(34).
-365
Let v(g) = 16158*g - 387794. What is v(24)?
-2
Let m(z) = 3*z**2 + 916*z - 42. What is m(-305)?
-347
Let n(b) = -b**3 + 21*b**2 + 544*b + 479. Calculate n(36).
623
Let o(v) = v**3 + 18*v**2 - 176*v - 743. Calculate o(-24).
25
Let a(q) = 349*q**2 + 5294*q + 23. Calculate a(-15).
-862
Let t(w) = -14*w**2 + 358*w - 75. Calculate t(21).
1269
Let v(n) = n**3 - 15*n**2 + 30*n + 30. Calculate v(5).
-70
Let l(p) = 14*p**2 - 2583*p - 6399. Give l(187).
146
Let n(g) = -202*g**2 - 2823*g + 31. Determine n(-14).
-39
Let y(v) = -v**3 - 67*v**2 + 191*v - 8509. What is y(-71)?
-1906
Let g(y) = y**3 + 2*y**2 + 529*y + 3616. Calculate g(-7).
-332
Let h(m) = 2*m**2 + 224*m + 3746. Calculate h(-92).
66
Let j(t) = 13881*t - 83297. Give j(6).
-11
Let l(x) = 2047*x**2 + 8212*x + 103. What is l(-4)?
7
Let r(o) = -1939*o - 8957. What is r(-6)?
2677
Let j(l) = 155*l**2 + 19*l + 8. Determine j(-2).
590
Let r(g) = -g**2 - 8196*g - 1119922. Give r(-139).
1
Let t(z) = 559*z - 84901. Calculate t(152).
67
Let i(w) = -3*w**2 + 1706*w + 17098. What is i(-10)?
-262
Let u(y) = y**2 + 138*y - 12053. What is u(-199)?
86
Let r(g) = -1354*g - 6945. Give r(-7).
2533
Let p(s) = 1036*s**3 + 4164*s**2 + s - 3. Determine p(-4).
313
Let g(w) = -6*w**3 + 125*w**2 + 53*w - 576. Give g(21).
96
Let v(m) = 3*m**3 + 48*m**2 - 43*m - 37. Give v(-14).
1741
Let h(x) = 391*x + 35295. Calculate h(-90).
105
Let q(p) = -27988*p - 167808. What is q(-6)?
120
Let b(r) = -3*r**3 + 6*r**2 + 122*r + 564. Determine b(-6).
696
Let q(x) = -29*x**2 - 1393*x + 2792. What is q(2)?
-110
Let c(r) = -21606*r - 259734. Give c(-12).
-462
Let t(r) = r**3 + 10*r**2 - 31*r - 78. What is t(-12)?
6
Let q(g) = -26*g**2 - 377*g - 481. What is q(-13)?
26
Let i(b) = -28030*b - 168301. Determine i(-6).
-121
Let j(k) = k**3 + 4*k**2 - 266*k - 2000. What is j(-14)?
-236
Let v(s) = -24*s + 694. Calculate v(46).
-410
Let a(t) = -40*t**3 + 210*t**2 - 20*t - 31. Calculate a(5).
119
Let v(q) = q**3 + 103*q**2 - 226*q - 23207. Give v(-103).
71
Let r(k) = 5*k**3 + 97*k**2 - 59*k - 1312. Give r(-19).
531
Let f(g) = -g**3 - 23*g**2 + 15*g - 233. Calculate f(-19).
-1962
Let q(r) = 5*r**3 - 17*r**2 - 20872*r + 62630. Determine q(3).
-4
Let j(i) = 5*i**3 + 111*i**2 - 1757*i - 39542. Calculate j(-20).
-2
Let w(l) = -l**3 - 68*l**2 - 375*l + 16. Give w(-6).
34
Let d(j) = 16904*j + 270450. Calculate d(-16).
-14
Let j(m) = -m**3 + 4*m**2 + 504*m + 2946. Determine j(-6).
282
Let a(h) = h**3 - 45*h**2 + 337*h - 6424. Determine a(40).
-944
Let f(h) = 967*h**2 - 3897*h + 17. Determine f(4).
-99
Let k(d) = d**3 - 395*d**2 - 12746*d - 1707. Determine k(425).
-7
Let r(t) = 2*t**3 + 59*t**2 + 57*t + 1095. What is r(-30)?
-1515
Let b(w) = -89482*w - 805342. Give b(-9).
-4
Let v(s) = s**3 + 130*s**2 - 257*s + 1245. What is v(-132)?
321
Let h(n) = n**3 - 201*n**2 + 4990*n - 67. What is h(29)?
-9
Let y(v) = -13*v**3 + 176*v**2 + 183*v - 1471. Give y(14).
-85
Let m(o) = o**3 - 32*o**2 + 593*o - 14689. Give m(29).
-15
Let i(t) = t**3 - 85*t**2 + 308*t + 8. What is i(4)?
-56
Let f(j) = 627*j + 161. Determine f(0).
161
Let v(q) = -2611*q - 15748. What is v(-6)?
-82
Let v(t) = 3*t**2 - 796*t - 13754. Determine v(-17).
645
Let c(z) = 2*z**2 - 5203*z + 826703. Calculate c(170).
-7
Let o(h) = -2*h**3 - 42*h**2 + 5*h - 5. What is o(1)?
-44
Let h(n) = 1038*n + 550075. Calculate h(-530).
-65
Let g(d) = -d**2 - 6373*d - 120708. Determine g(-19).
18
Let l(o) = -126*o**2 - 2*o + 32. Calculate l(-2).
-468
Let j(x) = -x**3 - 116*x**2 + 1102*x + 674. Calculate j(-125).
3549
Let i(h) = -31*h**3 - 5*h**2 - 3086*h - 6163. Determine i(-2).
237
Let z(o) = -6*o**2 + 205*o + 167. What is z(36)?
-229
Let l(t) = -620*t**3 + 18*t**2 - 14. Calculate l(2).
-4902
Let f(i) = i**3 - 17*i**2 + 23*i - 103. Give f(15).
-208
Let t(q) = 1606*q - 21864. W